{"id":8697,"date":"2022-03-01T09:10:40","date_gmt":"2022-03-01T09:10:40","guid":{"rendered":"https:\/\/dmservice.mondula.com\/?page_id=8697"},"modified":"2022-03-01T09:13:50","modified_gmt":"2022-03-01T09:13:50","slug":"allgemeinen-geschaftsbedingungen","status":"publish","type":"page","link":"https:\/\/dmservice-hamburg.de\/?page_id=8697","title":{"rendered":"allgemeinen Gesch\u00e4ftsbedingungen"},"content":{"rendered":"\t\t<div data-elementor-type=\"wp-page\" data-elementor-id=\"8697\" class=\"elementor elementor-8697\" data-elementor-settings=\"[]\">\n\t\t\t\t\t\t<div class=\"elementor-inner\">\n\t\t\t\t\t\t\t<div class=\"elementor-section-wrap\">\n\t\t\t\t\t\t\t<section class=\"elementor-section elementor-top-section elementor-element elementor-element-30f26ff elementor-section-boxed elementor-section-height-default elementor-section-height-default\" data-id=\"30f26ff\" data-element_type=\"section\">\n\t\t\t\t\t\t<div class=\"elementor-container elementor-column-gap-thegem\">\n\t\t\t\t\t\t\t<div class=\"elementor-row\">\n\t\t\t\t\t<div class=\"elementor-column elementor-col-100 elementor-top-column elementor-element elementor-element-39fcb47\" data-id=\"39fcb47\" data-element_type=\"column\">\n\t\t\t<div class=\"elementor-column-wrap elementor-element-populated\">\n\t\t\t\t\t\t\t<div class=\"elementor-widget-wrap\">\n\t\t\t\t\t\t<div class=\"elementor-element elementor-element-115d683 flex-horizontal-align-default flex-horizontal-align-tablet-default flex-horizontal-align-mobile-default flex-vertical-align-default flex-vertical-align-tablet-default flex-vertical-align-mobile-default elementor-widget elementor-widget-text-editor\" data-id=\"115d683\" data-element_type=\"widget\" data-widget_type=\"text-editor.default\">\n\t\t\t\t<div class=\"elementor-widget-container\">\n\t\t\t\t\t\t\t\t<div class=\"elementor-text-editor elementor-clearfix\">\n\t\t\t\t\t<ul><li>1 Geltungsbereich, Kundeninformationen<\/li><\/ul><p>Die folgenden allgemeinen Gesch\u00e4ftsbedingungen (AGB) regeln das Vertragsverh\u00e4ltnis zwischen DM SERVICE Gollner e. K. (www.dmservice.de) und Unternehmern, die \u00fcber unseren Shop Waren kaufen. Entgegenstehende oder von unseren Gesch\u00e4ftsbedingungen abweichende Bedingungen werden von uns nicht anerkannt. Die Vertragssprache ist Deutsch.<\/p><ul><li>2 Vertragsschluss<\/li><\/ul><p>(1) Die Angebote im Internet stellen eine unverbindliche Aufforderung an Sie dar, Waren zu kaufen.<\/p><p>(2) Sie k\u00f6nnen ein oder mehrere Produkte in den Warenkorb legen. Im Laufe des Bestellprozesses geben Sie Ihre Daten und W\u00fcnsche bzgl. Zahlungsart, Liefermodalit\u00e4ten etc. ein. Erst mit dem Anklicken des Bestellbuttons geben Sie ein verbindliches Angebot auf Abschluss eines Kaufvertrags ab.<\/p><p>(3) Mit der unverz\u00fcglich per E-Mail versandten Zugangsbest\u00e4tigung wird gleichzeitig auch die Annahme des Angebots erkl\u00e4rt und der Kaufvertrag damit abgeschlossen.<\/p><ul><li>3 Kundeninformation: Speicherung des Vertragstextes<\/li><\/ul><p>Ihre Bestellung mit Einzelheiten zum geschlossenen Vertrag (z.\u00a0B. Art des Produkts, Preis etc.) wird von uns gespeichert. Die AGB schicken wir Ihnen zu, Sie k\u00f6nnen die AGB aber auch nach Vertragsschluss jederzeit \u00fcber unsere Webseite aufrufen. Als registrierter Kunde k\u00f6nnen Sie auf Ihre vergangenen Bestellungen \u00fcber den Kunden LogIn-Bereich (Mein Kundenkonto) zugreifen.<\/p><ul><li>4 Kundeninformation: Korrekturhinweis<\/li><\/ul><p>Sie k\u00f6nnen Ihre Eingaben vor Abgabe der Bestellung jederzeit mit der L\u00f6schtaste berichtigen. Wir informieren Sie auf dem Weg durch den Bestellprozess \u00fcber weitere Korrekturm\u00f6glichkeiten. Den Bestellprozess k\u00f6nnen Sie auch jederzeit durch Schlie\u00dfen des Browser-Fensters komplett beenden.<\/p><ul><li>5 Eigentumsvorbehalt<\/li><\/ul><p>Der Kaufgegenstand bleibt bis zur vollst\u00e4ndigen Bezahlung unser Eigentum.<\/p><ul><li>6 Gesetzliche M\u00e4ngelhaftungsrechte und Verj\u00e4hrung<\/li><\/ul><p><strong>(1) Gesetzliche M\u00e4ngelhaftungsrechte<\/strong><\/p><p>F\u00fcr unsere Waren bestehen gesetzliche M\u00e4ngelhaftungsrechte.<\/p><p><strong>(2) Einschr\u00e4nkung der M\u00e4ngelhaftungsrechte (Gew\u00e4hrleistung)<\/strong><\/p><p>Ihre Gew\u00e4hrleistungsanspr\u00fcche wegen M\u00e4ngeln der Kaufsache verj\u00e4hren in einem Jahr ab Gefahr\u00fcbergang. Von dieser Regelung ausgenommen sind folgende Anspr\u00fcche<\/p><p>&#8211; auf Schadensersatz<br \/>&#8211; wegen arglistig verschwiegenen M\u00e4ngeln<br \/>&#8211; aus einer ggf. gegebenen Garantie<br \/>&#8211; auf R\u00fcckgriff nach \u00a7\u00a7\u00a0445a, 478 BGB<br \/>&#8211; wegen M\u00e4ngeln bei Baustoffen und Bauteilen, die entsprechend ihrer \u00fcblichen Verwendungsweise f\u00fcr ein Bauwerk verwendet worden sind und dessen Mangelhaftigkeit verursacht haben.<\/p><p>F\u00fcr diese ausgenommenen Anspr\u00fcche gelten die gesetzlichen Verj\u00e4hrungsfristen. Im Falle einer ggf. gegebenen Garantiedauer gilt zugunsten des K\u00e4ufers die l\u00e4ngere Frist.<\/p><ul><li>7 Haftungsbeschr\u00e4nkung<\/li><\/ul><p>Wir schlie\u00dfen die Haftung f\u00fcr leicht fahrl\u00e4ssige Pflichtverletzungen aus, sofern diese keine vertragswesentlichen Pflichten, Sch\u00e4den aus der Verletzung des Lebens, des K\u00f6rpers oder der Gesundheit, Garantien oder Anspr\u00fcche nach dem Produkthaftungsgesetz (ProdHaftG) betreffen. Gleiches gilt f\u00fcr Pflichtverletzungen unserer Erf\u00fcllungsgehilfen und unserer gesetzlichen Vertreter. Zu den vertragswesentlichen Pflichten geh\u00f6rt insbesondere die Pflicht, Ihnen die Sache zu \u00fcbergeben und Ihnen das Eigentum daran zu verschaffen. Weiterhin haben wir Ihnen die Sache frei von Sach- und Rechtsm\u00e4ngeln zu verschaffen.<\/p><ul><li>8 Gerichtsstand<\/li><\/ul><p>Ausschlie\u00dflicher Gerichtsstand f\u00fcr alle Streitigkeiten aus diesem Vertrag ist unser Gesch\u00e4ftssitz, wenn Sie Kaufmann sind.<\/p><ul><li>9 Klausel<\/li><\/ul><p>Hinweispflicht nach dem Batteriegesetz<\/p><p>Altbatterien geh\u00f6ren nicht in den Hausm\u00fcll. Sie k\u00f6nnen gebrauchte Batterien unentgeltlich an unserem Versandlager zur\u00fcckgeben. Sie sind als Verbraucher von Altbatterien gesetztlich verpflichtet.<\/p><p>Schadstoffhaltige Batterien sind mit einem Zeichen, bestehend aus einer durchgestrichenen M\u00fclltonne und dem chemischen Symbol (Cd. Hg oder Pb) des f\u00fcr die Einstufung als schadstoffhaltig ausschlaggebenden Schwermetalls versehen.<\/p><p>Dieses Dokument wurde erstellt und wird aktualisiert mit der Technologie der <a href=\"https:\/\/www.janolaw.de\">janolaw AG<\/a>.<\/p>\t\t\t\t\t<\/div>\n\t\t\t\t\t\t<\/div>\n\t\t\t\t<\/div>\n\t\t\t\t\t\t<\/div>\n\t\t\t\t\t<\/div>\n\t\t<\/div>\n\t\t\t\t\t\t\t\t<\/div>\n\t\t\t\t\t<\/div>\n\t\t<\/section>\n\t\t\t\t\t\t<\/div>\n\t\t\t\t\t\t<\/div>\n\t\t\t\t\t<\/div>\n\t\t","protected":false},"excerpt":{"rendered":"<p>1 Geltungsbereich, Kundeninformationen Die folgenden allgemeinen Gesch\u00e4ftsbedingungen (AGB) regeln das Vertragsverh\u00e4ltnis zwischen DM SERVICE Gollner e. K. (www.dmservice.de) und Unternehmern,&#8230;<\/p>\n","protected":false},"author":1,"featured_media":0,"parent":0,"menu_order":0,"comment_status":"closed","ping_status":"closed","template":"page-fullwidth.php","meta":{"footnotes":""},"class_list":["post-8697","page","type-page","status-publish"],"_links":{"self":[{"href":"https:\/\/dmservice-hamburg.de\/index.php?rest_route=\/wp\/v2\/pages\/8697","targetHints":{"allow":["GET"]}}],"collection":[{"href":"https:\/\/dmservice-hamburg.de\/index.php?rest_route=\/wp\/v2\/pages"}],"about":[{"href":"https:\/\/dmservice-hamburg.de\/index.php?rest_route=\/wp\/v2\/types\/page"}],"author":[{"embeddable":true,"href":"https:\/\/dmservice-hamburg.de\/index.php?rest_route=\/wp\/v2\/users\/1"}],"replies":[{"embeddable":true,"href":"https:\/\/dmservice-hamburg.de\/index.php?rest_route=%2Fwp%2Fv2%2Fcomments&post=8697"}],"version-history":[{"count":11,"href":"https:\/\/dmservice-hamburg.de\/index.php?rest_route=\/wp\/v2\/pages\/8697\/revisions"}],"predecessor-version":[{"id":9184,"href":"https:\/\/dmservice-hamburg.de\/index.php?rest_route=\/wp\/v2\/pages\/8697\/revisions\/9184"}],"wp:attachment":[{"href":"https:\/\/dmservice-hamburg.de\/index.php?rest_route=%2Fwp%2Fv2%2Fmedia&parent=8697"}],"curies":[{"name":"wp","href":"https:\/\/api.w.org\/{rel}","templated":true}]}}